{"id":12,"date":"2022-09-30T13:26:09","date_gmt":"2022-09-30T11:26:09","guid":{"rendered":"https:\/\/todoconstruccion.com\/?page_id=12"},"modified":"2026-01-30T14:44:18","modified_gmt":"2026-01-30T12:44:18","slug":"contacto","status":"publish","type":"page","link":"https:\/\/todoconstruccion.com\/tcventanas\/contacto\/","title":{"rendered":"Contacto"},"content":{"rendered":"<section class=\"l-section wpb_row us_custom_beb52b37 height_huge color_primary\"><div class=\"l-section-overlay\" style=\"background:rgba(0,0,0,0.45)\"><\/div><div class=\"l-section-h i-cf\"><div class=\"g-cols vc_row via_flex valign_top type_default stacking_default\"><div class=\"vc_col-sm-12 wpb_column vc_column_container\"><div class=\"vc_column-inner\"><div class=\"wpb_wrapper\"><p class=\"w-text us_custom_ea2be81a\"><span class=\"w-text-h\"><span class=\"w-text-value\">Estamos para ayudarte<\/span><\/span><\/p>[vc_custom_heading text=\u00bbContacta con nosotros\u00bb font_container=\u00bbtag:h1|text_align:left\u00bb use_theme_fonts=\u00bbyes\u00bb css=\u00bb%7B%22default%22%3A%7B%22padding-top%22%3A%220%22%7D%7D\u00bb]<\/div><\/div><\/div><\/div><\/div><\/section><section class=\"l-section wpb_row us_custom_e64d3b4e height_huge width_custom\" style=\"--site-content-width:1430px;\" id=\"contact\"><div class=\"l-section-h i-cf\"><div class=\"g-cols vc_row via_flex valign_top type_default stacking_default\"><div class=\"vc_col-sm-12 wpb_column vc_column_container\"><div class=\"vc_column-inner\"><div class=\"wpb_wrapper\"><span class=\"w-text us_custom_b6a7e56c\"><span class=\"w-text-h\"><span class=\"w-text-value\">Formulario de contacto<\/span><\/span><\/span>[vc_custom_heading text=\u00bbSolicita una cita\u00bb use_theme_fonts=\u00bbyes\u00bb css=\u00bb%7B%22default%22%3A%7B%22max-width%22%3A%2245%25%22%7D%2C%22laptops%22%3A%7B%22max-width%22%3A%2245%25%22%7D%2C%22tablets%22%3A%7B%22max-width%22%3A%22100%25%22%7D%2C%22mobiles%22%3A%7B%22max-width%22%3A%22100%25%22%7D%7D\u00bb]\n<div class=\"wpcf7 no-js\" id=\"wpcf7-f7-o1\" lang=\"es-ES\" dir=\"ltr\" data-wpcf7-id=\"7\">\n<div class=\"screen-reader-response\"><p role=\"status\" aria-live=\"polite\" aria-atomic=\"true\"><\/p> <ul><\/ul><\/div>\n<form action=\"\/tcventanas\/wp-json\/wp\/v2\/pages\/12#wpcf7-f7-o1\" method=\"post\" class=\"wpcf7-form init wpcf7-acceptance-as-validation\" aria-label=\"Formulario de contacto\" novalidate=\"novalidate\" data-status=\"init\">\n<fieldset class=\"hidden-fields-container\"><input type=\"hidden\" name=\"_wpcf7\" value=\"7\" \/><input type=\"hidden\" name=\"_wpcf7_version\" value=\"6.1.5\" \/><input type=\"hidden\" name=\"_wpcf7_locale\" value=\"es_ES\" \/><input type=\"hidden\" name=\"_wpcf7_unit_tag\" value=\"wpcf7-f7-o1\" \/><input type=\"hidden\" name=\"_wpcf7_container_post\" value=\"0\" \/><input type=\"hidden\" name=\"_wpcf7_posted_data_hash\" value=\"\" \/><input type=\"hidden\" name=\"_wpcf7_recaptcha_response\" value=\"\" \/>\n<\/fieldset>\n<div class=\"form-radio\">\n<span class=\"wpcf7-form-control-wrap\" data-name=\"asunto\"><span class=\"wpcf7-form-control wpcf7-radio togglebuttons\"><span class=\"wpcf7-list-item first\"><label><input type=\"radio\" name=\"asunto\" value=\"Atenci\u00f3n al p\u00fablico\" checked=\"checked\" \/><span class=\"wpcf7-list-item-label\">Atenci\u00f3n al p\u00fablico<\/span><\/label><\/span><span class=\"wpcf7-list-item\"><label><input type=\"radio\" name=\"asunto\" value=\"Ventanas &amp; Co\" \/><span class=\"wpcf7-list-item-label\">Ventanas &amp; Co<\/span><\/label><\/span><span class=\"wpcf7-list-item\"><label><input type=\"radio\" name=\"asunto\" value=\"Cocinas\" \/><span class=\"wpcf7-list-item-label\">Cocinas<\/span><\/label><\/span><span class=\"wpcf7-list-item last\"><label><input type=\"radio\" name=\"asunto\" value=\"Proyectos integrales\" \/><span class=\"wpcf7-list-item-label\">Proyectos integrales<\/span><\/label><\/span><\/span><\/span>\n<\/div>\n<div class=\"row\">\n<div class=\"col-xs-4\"><div class=\"form-group\"><label for=\"nombre\"><span class=\"label\">Nombre<\/span><span class=\"wpcf7-form-control-wrap\" data-name=\"nombre\"><input size=\"40\" maxlength=\"400\" class=\"wpcf7-form-control wpcf7-text wpcf7-validates-as-required\" id=\"nombre\" aria-required=\"true\" aria-invalid=\"false\" placeholder=\"Nombre*\" value=\"\" type=\"text\" name=\"nombre\" \/><\/span><\/label><\/div><\/div>\n<div class=\"col-xs-4\"><div class=\"form-group\"><label for=\"email\"><span class=\"label\">Email<\/span><span class=\"wpcf7-form-control-wrap\" data-name=\"email\"><input size=\"40\" maxlength=\"400\" class=\"wpcf7-form-control wpcf7-email wpcf7-validates-as-required wpcf7-text wpcf7-validates-as-email\" id=\"email\" aria-required=\"true\" aria-invalid=\"false\" placeholder=\"Email*\" value=\"\" type=\"email\" name=\"email\" \/><\/span><\/label><\/div><\/div>\n<div class=\"col-xs-4\"><div class=\"form-group\"><label for=\"telefono\"><span class=\"label\">Tel\u00e9fono<\/span><span class=\"wpcf7-form-control-wrap\" data-name=\"telefono\"><input size=\"40\" maxlength=\"400\" class=\"wpcf7-form-control wpcf7-tel wpcf7-text wpcf7-validates-as-tel\" id=\"telefono\" aria-invalid=\"false\" placeholder=\"Tel\u00e9fono\" value=\"\" type=\"tel\" name=\"telefono\" \/><\/span><\/label><\/div><\/div>\n<\/div>\n<div class=\"row\">\n<div class=\"col-xs-12\"><div class=\"form-group\"><label for=\"mensaje\"><span class=\"label\">Mensaje<\/span><span class=\"wpcf7-form-control-wrap\" data-name=\"mensaje\"><textarea cols=\"40\" rows=\"10\" maxlength=\"2000\" class=\"wpcf7-form-control wpcf7-textarea\" id=\"mensaje\" aria-invalid=\"false\" placeholder=\"Escribe tu mensaje aqu\u00ed\" name=\"mensaje\"><\/textarea><\/span><\/label><\/div><\/div>\n<\/div>\n<div class=\"row\">\n<div class=\"col-xs-12\"><div class=\"form-group\"><span class=\"wpcf7-form-control-wrap\" data-name=\"legal\"><span class=\"wpcf7-form-control wpcf7-acceptance\"><span class=\"wpcf7-list-item\"><label><input type=\"checkbox\" name=\"legal\" value=\"1\" aria-invalid=\"false\" \/><span class=\"wpcf7-list-item-label\">He le\u00eddo y acepto la <a target=\"_blank\" rel=\"nofollow\" href=\"https:\/\/todoconstruccion.com\/tcventanas\/politica-de-privacidad\/\">pol\u00edtica de privacidad<\/a>.<\/span><\/label><\/span><\/span><\/span><\/div><\/div>\n<\/div>\n<div class=\"block-submit\"><input class=\"wpcf7-form-control wpcf7-submit has-spinner\" id=\"form-contact\" type=\"submit\" value=\"Enviar\" \/><\/div><div class=\"wpcf7-response-output\" aria-hidden=\"true\"><\/div>\n<\/form>\n<\/div>\n<\/div><\/div><\/div><\/div><\/div><\/section><section class=\"l-section wpb_row height_auto\"><div class=\"l-section-h i-cf\"><div class=\"g-cols vc_row via_flex valign_top type_default stacking_default\"><div class=\"vc_col-sm-12 wpb_column vc_column_container\"><div class=\"vc_column-inner\"><div class=\"wpb_wrapper\"><div class=\"w-hwrapper us_custom_9bd3ab14 white has_text_color valign_middle wrap stack_on_mobiles align_justify\" style=\"--hwrapper-gap:0px\"><div class=\"w-vwrapper us_custom_e5affa8e align_center valign_middle\" style=\"--vwrapper-gap:0px\"><div class=\"wpb_text_column us_custom_d2d96c81\"><div class=\"wpb_wrapper\"><p>Ll\u00e1manos, escr\u00edbenos o ven a visitarnos.<br \/>\nEstamos aqu\u00ed para ayudarte con tu proyecto.<\/p>\n<\/div><\/div><\/div><div class=\"w-vwrapper us_custom_e5affa8e align_center valign_middle\" style=\"--vwrapper-gap:1rem\"><div class=\"w-text us_custom_081e08f0 has_text_color icon_atleft\"><a href=\"tel:+34603427005\" class=\"w-text-h\"><span class=\"fas fa-phone-alt\"><\/span><span class=\"w-text-value\">+34 603 42 70 05<\/span><\/a><\/div><div class=\"w-text us_custom_081e08f0 has_text_color icon_atleft\"><a href=\"mailto:atencionalcliente@todoconstruccion.com\" class=\"w-text-h\"><span class=\"fas fa-envelope\"><\/span><span class=\"w-text-value\">atencionalcliente@todoconstruccion.com<\/span><\/a><\/div><div class=\"w-text us_custom_081e08f0 has_text_color icon_atleft\"><a target=\"_blank\" rel=\"nofollow\" href=\"https:\/\/maps.app.goo.gl\/h1RFZjKoMHvPv2TF9\" class=\"w-text-h\"><span class=\"fas fa-map-marker-alt\"><\/span><span class=\"w-text-value\">Glorieta Pl\u00e1cido Fern\u00e1ndez Viagas S\/N, 29590 \u2013 M\u00e1laga<\/span><\/a><\/div><\/div><\/div><\/div><\/div><\/div><\/div><\/div><\/section><section class=\"l-section wpb_row us_custom_cb7d2950 height_auto width_full\"><div class=\"l-section-h i-cf\"><div class=\"g-cols vc_row via_flex valign_top type_default stacking_default\"><div class=\"vc_col-sm-12 wpb_column vc_column_container\"><div class=\"vc_column-inner\"><div class=\"wpb_wrapper\"><div class=\"w-html us_custom_1821a1f3\"><iframe src=\"https:\/\/www.google.com\/maps\/embed?pb=!1m18!1m12!1m3!1d3197.6117066292536!2d-4.5532125!3d36.7318857!2m3!1f0!2f0!3f0!3m2!1i1024!2i768!4f13.1!3m3!1m2!1s0xd72ee4562bbd82d%3A0x31a2094d42c48a0f!2sTodoconstrucci%C3%B3n!5e0!3m2!1ses!2ses!4v1767809443427!5m2!1ses!2ses\" style=\"width: 100%; height: 550px; border: 0;\" allowfullscreen=\"\" loading=\"lazy\" referrerpolicy=\"no-referrer-when-downgrade\"><\/iframe><\/div><\/div><\/div><\/div><\/div><\/div><\/section><section class=\"l-section wpb_row height_large color_primary\"><div class=\"l-section-h i-cf\"><div class=\"g-cols vc_row via_flex valign_top type_default stacking_default\"><div class=\"vc_col-sm-4 wpb_column vc_column_container\"><div class=\"vc_column-inner\"><div class=\"wpb_wrapper\"><span class=\"w-text us_custom_10b20b58\"><span class=\"w-text-h\"><span class=\"w-text-value\">Asesoramiento profesional en tienda<\/span><\/span><\/span>[vc_custom_heading text=\u00bbTransformamos tus espacios\u00bb use_theme_fonts=\u00bbyes\u00bb]<div class=\"wpb_text_column us_custom_b4198c51\"><div class=\"wpb_wrapper\"><p>Nuestro equipo te asesora de forma personalizada para que encuentres pavimentos, revestimientos, ba\u00f1os y soluciones que se ajusten a tu estilo, tu presupuesto y tus necesidades reales.<\/p>\n<\/div><\/div><div class=\"w-btn-wrapper align_none\"><a class=\"w-btn us-btn-style_2 icon_atright\" href=\"#contact\"><span class=\"w-btn-label\">Solicita una cita con nuestros profesionales<\/span><span class=\"fal fa-arrow-right\"><\/span><\/a><\/div><\/div><\/div><\/div><div class=\"vc_col-sm-8 wpb_column vc_column_container\"><div class=\"vc_column-inner\"><div class=\"wpb_wrapper\"><\/div><\/div><\/div><\/div><\/div><\/section>\n","protected":false},"excerpt":{"rendered":"Estamos para ayudarte[vc_custom_heading text=\"Contacta con nosotros\" font_container=\"tag:h1|text_align:left\" use_theme_fonts=\"yes\" css=\"%7B%22default%22%3A%7B%22padding-top%22%3A%220%22%7D%7D\"]Formulario de contacto[vc_custom_heading text=\"Solicita una cita\" use_theme_fonts=\"yes\" css=\"%7B%22default%22%3A%7B%22max-width%22%3A%2245%25%22%7D%2C%22laptops%22%3A%7B%22max-width%22%3A%2245%25%22%7D%2C%22tablets%22%3A%7B%22max-width%22%3A%22100%25%22%7D%2C%22mobiles%22%3A%7B%22max-width%22%3A%22100%25%22%7D%7D\"] Atenci\u00f3n al p\u00fablicoVentanas &amp; CoCocinasProyectos integrales Nombre Email Tel\u00e9fono Mensaje He le\u00eddo y acepto la pol\u00edtica de privacidad. Ll\u00e1manos, escr\u00edbenos o ven a visitarnos. Estamos aqu\u00ed para ayudarte con tu proyecto. +34 603 42 70 05atencionalcliente@todoconstruccion.comGlorieta Pl\u00e1cido Fern\u00e1ndez Viagas...","protected":false},"author":1,"featured_media":0,"parent":0,"menu_order":0,"comment_status":"closed","ping_status":"open","template":"","meta":{"_acf_changed":false,"footnotes":""},"class_list":["post-12","page","type-page","status-publish","hentry"],"acf":[],"yoast_head":"<!-- This site is optimized with the Yoast SEO plugin v27.4 - https:\/\/yoast.com\/product\/yoast-seo-wordpress\/ -->\n<title>Contacto | Todo Construcci\u00f3n<\/title>\n<meta name=\"description\" content=\"Si tienes alguna sugerencia o duda puedes ponerte en contacto con nosotros a trav\u00e9s de cualquiera de los canales que ponemos a disposici\u00f3n de nuestros clientes.\" \/>\n<meta name=\"robots\" content=\"index, follow, max-snippet:-1, max-image-preview:large, max-video-preview:-1\" \/>\n<link rel=\"canonical\" href=\"https:\/\/todoconstruccion.com\/tcventanas\/contacto\/\" \/>\n<meta property=\"og:locale\" content=\"es_ES\" \/>\n<meta property=\"og:type\" content=\"article\" \/>\n<meta property=\"og:title\" content=\"Contacto | Todo Construcci\u00f3n\" \/>\n<meta property=\"og:description\" content=\"Si tienes alguna sugerencia o duda puedes ponerte en contacto con nosotros a trav\u00e9s de cualquiera de los canales que ponemos a disposici\u00f3n de nuestros clientes.\" \/>\n<meta property=\"og:url\" content=\"https:\/\/todoconstruccion.com\/tcventanas\/contacto\/\" \/>\n<meta property=\"og:site_name\" content=\"Todo Construcci\u00f3n\" \/>\n<meta property=\"article:publisher\" content=\"https:\/\/www.facebook.com\/todoconstrucciononline\/\" \/>\n<meta property=\"article:modified_time\" content=\"2026-01-30T12:44:18+00:00\" \/>\n<meta name=\"twitter:card\" content=\"summary_large_image\" \/>\n<meta name=\"twitter:site\" content=\"@allconstruccion\" \/>\n<meta name=\"twitter:label1\" content=\"Tiempo de lectura\" \/>\n\t<meta name=\"twitter:data1\" content=\"1 minuto\" \/>\n<script type=\"application\/ld+json\" class=\"yoast-schema-graph\">{\"@context\":\"https:\\\/\\\/schema.org\",\"@graph\":[{\"@type\":\"WebPage\",\"@id\":\"https:\\\/\\\/todoconstruccion.com\\\/tcventanas\\\/contacto\\\/\",\"url\":\"https:\\\/\\\/todoconstruccion.com\\\/tcventanas\\\/contacto\\\/\",\"name\":\"Contacto | Todo Construcci\u00f3n\",\"isPartOf\":{\"@id\":\"https:\\\/\\\/todoconstruccion.com\\\/tcventanas\\\/#website\"},\"datePublished\":\"2022-09-30T11:26:09+00:00\",\"dateModified\":\"2026-01-30T12:44:18+00:00\",\"description\":\"Si tienes alguna sugerencia o duda puedes ponerte en contacto con nosotros a trav\u00e9s de cualquiera de los canales que ponemos a disposici\u00f3n de nuestros clientes.\",\"breadcrumb\":{\"@id\":\"https:\\\/\\\/todoconstruccion.com\\\/tcventanas\\\/contacto\\\/#breadcrumb\"},\"inLanguage\":\"es\",\"potentialAction\":[{\"@type\":\"ReadAction\",\"target\":[\"https:\\\/\\\/todoconstruccion.com\\\/tcventanas\\\/contacto\\\/\"]}]},{\"@type\":\"BreadcrumbList\",\"@id\":\"https:\\\/\\\/todoconstruccion.com\\\/tcventanas\\\/contacto\\\/#breadcrumb\",\"itemListElement\":[{\"@type\":\"ListItem\",\"position\":1,\"name\":\"Portada\",\"item\":\"https:\\\/\\\/todoconstruccion.com\\\/tcventanas\\\/\"},{\"@type\":\"ListItem\",\"position\":2,\"name\":\"Contacto\"}]},{\"@type\":\"WebSite\",\"@id\":\"https:\\\/\\\/todoconstruccion.com\\\/tcventanas\\\/#website\",\"url\":\"https:\\\/\\\/todoconstruccion.com\\\/tcventanas\\\/\",\"name\":\"Todo Construcci\u00f3n\",\"description\":\"\",\"publisher\":{\"@id\":\"https:\\\/\\\/todoconstruccion.com\\\/tcventanas\\\/#organization\"},\"potentialAction\":[{\"@type\":\"SearchAction\",\"target\":{\"@type\":\"EntryPoint\",\"urlTemplate\":\"https:\\\/\\\/todoconstruccion.com\\\/tcventanas\\\/?s={search_term_string}\"},\"query-input\":{\"@type\":\"PropertyValueSpecification\",\"valueRequired\":true,\"valueName\":\"search_term_string\"}}],\"inLanguage\":\"es\"},{\"@type\":\"Organization\",\"@id\":\"https:\\\/\\\/todoconstruccion.com\\\/tcventanas\\\/#organization\",\"name\":\"Todo Construcci\u00f3n\",\"url\":\"https:\\\/\\\/todoconstruccion.com\\\/tcventanas\\\/\",\"logo\":{\"@type\":\"ImageObject\",\"inLanguage\":\"es\",\"@id\":\"https:\\\/\\\/todoconstruccion.com\\\/tcventanas\\\/#\\\/schema\\\/logo\\\/image\\\/\",\"url\":\"https:\\\/\\\/todoconstruccion.com\\\/tcventanas\\\/wp-content\\\/uploads\\\/2026\\\/01\\\/logo-todo-construccion.svg\",\"contentUrl\":\"https:\\\/\\\/todoconstruccion.com\\\/tcventanas\\\/wp-content\\\/uploads\\\/2026\\\/01\\\/logo-todo-construccion.svg\",\"width\":\"1024\",\"height\":\"1024\",\"caption\":\"Todo Construcci\u00f3n\"},\"image\":{\"@id\":\"https:\\\/\\\/todoconstruccion.com\\\/tcventanas\\\/#\\\/schema\\\/logo\\\/image\\\/\"},\"sameAs\":[\"https:\\\/\\\/www.facebook.com\\\/todoconstrucciononline\\\/\",\"https:\\\/\\\/x.com\\\/allconstruccion\"]}]}<\/script>\n<!-- \/ Yoast SEO plugin. -->","yoast_head_json":{"title":"Contacto | Todo Construcci\u00f3n","description":"Si tienes alguna sugerencia o duda puedes ponerte en contacto con nosotros a trav\u00e9s de cualquiera de los canales que ponemos a disposici\u00f3n de nuestros clientes.","robots":{"index":"index","follow":"follow","max-snippet":"max-snippet:-1","max-image-preview":"max-image-preview:large","max-video-preview":"max-video-preview:-1"},"canonical":"https:\/\/todoconstruccion.com\/tcventanas\/contacto\/","og_locale":"es_ES","og_type":"article","og_title":"Contacto | Todo Construcci\u00f3n","og_description":"Si tienes alguna sugerencia o duda puedes ponerte en contacto con nosotros a trav\u00e9s de cualquiera de los canales que ponemos a disposici\u00f3n de nuestros clientes.","og_url":"https:\/\/todoconstruccion.com\/tcventanas\/contacto\/","og_site_name":"Todo Construcci\u00f3n","article_publisher":"https:\/\/www.facebook.com\/todoconstrucciononline\/","article_modified_time":"2026-01-30T12:44:18+00:00","twitter_card":"summary_large_image","twitter_site":"@allconstruccion","twitter_misc":{"Tiempo de lectura":"1 minuto"},"schema":{"@context":"https:\/\/schema.org","@graph":[{"@type":"WebPage","@id":"https:\/\/todoconstruccion.com\/tcventanas\/contacto\/","url":"https:\/\/todoconstruccion.com\/tcventanas\/contacto\/","name":"Contacto | Todo Construcci\u00f3n","isPartOf":{"@id":"https:\/\/todoconstruccion.com\/tcventanas\/#website"},"datePublished":"2022-09-30T11:26:09+00:00","dateModified":"2026-01-30T12:44:18+00:00","description":"Si tienes alguna sugerencia o duda puedes ponerte en contacto con nosotros a trav\u00e9s de cualquiera de los canales que ponemos a disposici\u00f3n de nuestros clientes.","breadcrumb":{"@id":"https:\/\/todoconstruccion.com\/tcventanas\/contacto\/#breadcrumb"},"inLanguage":"es","potentialAction":[{"@type":"ReadAction","target":["https:\/\/todoconstruccion.com\/tcventanas\/contacto\/"]}]},{"@type":"BreadcrumbList","@id":"https:\/\/todoconstruccion.com\/tcventanas\/contacto\/#breadcrumb","itemListElement":[{"@type":"ListItem","position":1,"name":"Portada","item":"https:\/\/todoconstruccion.com\/tcventanas\/"},{"@type":"ListItem","position":2,"name":"Contacto"}]},{"@type":"WebSite","@id":"https:\/\/todoconstruccion.com\/tcventanas\/#website","url":"https:\/\/todoconstruccion.com\/tcventanas\/","name":"Todo Construcci\u00f3n","description":"","publisher":{"@id":"https:\/\/todoconstruccion.com\/tcventanas\/#organization"},"potentialAction":[{"@type":"SearchAction","target":{"@type":"EntryPoint","urlTemplate":"https:\/\/todoconstruccion.com\/tcventanas\/?s={search_term_string}"},"query-input":{"@type":"PropertyValueSpecification","valueRequired":true,"valueName":"search_term_string"}}],"inLanguage":"es"},{"@type":"Organization","@id":"https:\/\/todoconstruccion.com\/tcventanas\/#organization","name":"Todo Construcci\u00f3n","url":"https:\/\/todoconstruccion.com\/tcventanas\/","logo":{"@type":"ImageObject","inLanguage":"es","@id":"https:\/\/todoconstruccion.com\/tcventanas\/#\/schema\/logo\/image\/","url":"https:\/\/todoconstruccion.com\/tcventanas\/wp-content\/uploads\/2026\/01\/logo-todo-construccion.svg","contentUrl":"https:\/\/todoconstruccion.com\/tcventanas\/wp-content\/uploads\/2026\/01\/logo-todo-construccion.svg","width":"1024","height":"1024","caption":"Todo Construcci\u00f3n"},"image":{"@id":"https:\/\/todoconstruccion.com\/tcventanas\/#\/schema\/logo\/image\/"},"sameAs":["https:\/\/www.facebook.com\/todoconstrucciononline\/","https:\/\/x.com\/allconstruccion"]}]}},"_links":{"self":[{"href":"https:\/\/todoconstruccion.com\/tcventanas\/wp-json\/wp\/v2\/pages\/12","targetHints":{"allow":["GET"]}}],"collection":[{"href":"https:\/\/todoconstruccion.com\/tcventanas\/wp-json\/wp\/v2\/pages"}],"about":[{"href":"https:\/\/todoconstruccion.com\/tcventanas\/wp-json\/wp\/v2\/types\/page"}],"author":[{"embeddable":true,"href":"https:\/\/todoconstruccion.com\/tcventanas\/wp-json\/wp\/v2\/users\/1"}],"replies":[{"embeddable":true,"href":"https:\/\/todoconstruccion.com\/tcventanas\/wp-json\/wp\/v2\/comments?post=12"}],"version-history":[{"count":32,"href":"https:\/\/todoconstruccion.com\/tcventanas\/wp-json\/wp\/v2\/pages\/12\/revisions"}],"predecessor-version":[{"id":2491,"href":"https:\/\/todoconstruccion.com\/tcventanas\/wp-json\/wp\/v2\/pages\/12\/revisions\/2491"}],"wp:attachment":[{"href":"https:\/\/todoconstruccion.com\/tcventanas\/wp-json\/wp\/v2\/media?parent=12"}],"curies":[{"name":"wp","href":"https:\/\/api.w.org\/{rel}","templated":true}]}}