{"id":2299,"date":"2026-01-27T16:24:56","date_gmt":"2026-01-27T14:24:56","guid":{"rendered":"https:\/\/todoconstruccion.com\/?page_id=2299"},"modified":"2026-01-27T16:48:33","modified_gmt":"2026-01-27T14:48:33","slug":"servicios","status":"publish","type":"page","link":"https:\/\/todoconstruccion.com\/tcventanas\/servicios\/","title":{"rendered":"Servicios"},"content":{"rendered":"<section class=\"l-section wpb_row us_custom_160e0158 height_huge color_primary\"><div class=\"l-section-overlay\" style=\"background:rgba(0,0,0,0.55)\"><\/div><div class=\"l-section-h i-cf\"><div class=\"g-cols vc_row via_flex valign_top type_default stacking_default\"><div class=\"vc_col-sm-12 wpb_column vc_column_container\"><div class=\"vc_column-inner\"><div class=\"wpb_wrapper\"><p class=\"w-text us_custom_ea2be81a\"><span class=\"w-text-h\"><span class=\"w-text-value\">Soluciones para profesionales y particulares<\/span><\/span><\/p>[vc_custom_heading text=\u00bbNuestros servicios\u00bb font_container=\u00bbtag:h1|text_align:left\u00bb use_theme_fonts=\u00bbyes\u00bb css=\u00bb%7B%22default%22%3A%7B%22padding-top%22%3A%220%22%7D%7D\u00bb]<\/div><\/div><\/div><\/div><\/div><\/section><section class=\"l-section wpb_row us_custom_19737bc8 height_large\"><div class=\"l-section-h i-cf\"><div class=\"g-cols vc_row via_flex valign_middle type_default stacking_default\"><div class=\"vc_col-sm-6 wpb_column vc_column_container\"><div class=\"vc_column-inner\"><div class=\"wpb_wrapper\">[vc_custom_heading text=\u00bbCanales de pago f\u00e1cil a disposici\u00f3n de nuestros clientes\u00bb use_theme_fonts=\u00bbyes\u00bb]<div class=\"wpb_text_column\"><div class=\"wpb_wrapper\"><p>Con nuestro servicio de Pago F\u00e1cil, nunca fue tan accesible y r\u00e1pido realizar tus compras a trav\u00e9s de una plataforma. Accede a tus pedidos y facturas a trav\u00e9s de cualquier dispositivo, en cualquier lugar. Transferencia bancaria, tarjeta\u2026 descubre lo f\u00e1cil que es realizar una compra en Todoconstrucci\u00f3n.<\/p>\n<\/div><\/div><\/div><\/div><\/div><div class=\"vc_col-sm-6 wpb_column vc_column_container\"><div class=\"vc_column-inner\"><div class=\"wpb_wrapper\"><div class=\"w-video align_center ratio_16x9 has_iframe\"><div class=\"w-video-h\"><iframe title=\"Youtube video player\" src=\"\/\/www.youtube.com\/embed\/q76Z7Kg0wgo?autoplay=0&controls=1&origin=https:\/\/todoconstruccion.com\/tcventanas&loop=0&mute=0\" allowfullscreen=\"1\" loading=\"lazy\"><\/iframe><\/div><\/div><\/div><\/div><\/div><\/div><\/div><\/section><section class=\"l-section wpb_row us_custom_19737bc8 height_large\"><div class=\"l-section-h i-cf\"><div class=\"g-cols vc_row via_flex valign_middle type_default reversed stacking_default\"><div class=\"vc_col-sm-6 wpb_column vc_column_container\"><div class=\"vc_column-inner\"><div class=\"wpb_wrapper\"><div class=\"w-video align_center ratio_16x9 has_iframe\"><div class=\"w-video-h\"><iframe title=\"Youtube video player\" src=\"\/\/www.youtube.com\/embed\/kKyFjaUNDBs?autoplay=0&controls=1&origin=https:\/\/todoconstruccion.com\/tcventanas&loop=0&mute=0\" allowfullscreen=\"1\" loading=\"lazy\"><\/iframe><\/div><\/div><\/div><\/div><\/div><div class=\"vc_col-sm-6 wpb_column vc_column_container\"><div class=\"vc_column-inner\"><div class=\"wpb_wrapper\">[vc_custom_heading text=\u00bbFinanciaci\u00f3n al cliente\u00bb use_theme_fonts=\u00bbyes\u00bb]<div class=\"wpb_text_column\"><div class=\"wpb_wrapper\"><p>\u00bfTienes grandes proyectos pero no dispones de recursos para llevarlos a cabo? No dejes pasar la ocasi\u00f3n, ya que en TodoConstrucci\u00f3n te ofrecemos la posibilidad de financiar todas tus compras de manera r\u00e1pida y f\u00e1cil. A trav\u00e9s de la plataforma FinConsum de La Caixa podr\u00e1s acceder de una manera personalizada todos los planes a medidas que se adapten a tus necesidades.<\/p>\n<\/div><\/div><\/div><\/div><\/div><\/div><\/div><\/section><section class=\"l-section wpb_row us_custom_19737bc8 height_large\"><div class=\"l-section-h i-cf\"><div class=\"g-cols vc_row via_flex valign_middle type_default stacking_default\"><div class=\"vc_col-sm-6 wpb_column vc_column_container\"><div class=\"vc_column-inner\"><div class=\"wpb_wrapper\">[vc_custom_heading text=\u00bbInstalaciones a domicilio\u00bb use_theme_fonts=\u00bbyes\u00bb]<div class=\"wpb_text_column\"><div class=\"wpb_wrapper\"><p>Disponemos de todo el equipo necesario para la correcta instalaci\u00f3n de art\u00edculos de obra o productos para tu hogar. Si has adquirido algunos de nuestros productos, podemos ofrecerte servicio de instalaci\u00f3n en tu hogar. Nuestros operarios se desplazar\u00e1n al lugar indicado para instalar el art\u00edculo de una forma r\u00e1pida y segura.<\/p>\n<\/div><\/div><\/div><\/div><\/div><div class=\"vc_col-sm-6 wpb_column vc_column_container\"><div class=\"vc_column-inner\"><div class=\"wpb_wrapper\"><div class=\"w-video align_center ratio_16x9 has_iframe\"><div class=\"w-video-h\"><iframe title=\"Youtube video player\" src=\"\/\/www.youtube.com\/embed\/zJ8dJXdhZG4?autoplay=0&controls=1&origin=https:\/\/todoconstruccion.com\/tcventanas&loop=0&mute=0\" allowfullscreen=\"1\" loading=\"lazy\"><\/iframe><\/div><\/div><\/div><\/div><\/div><\/div><\/div><\/section><section class=\"l-section wpb_row height_large\"><div class=\"l-section-h i-cf\"><div class=\"g-cols vc_row via_flex valign_middle type_default reversed stacking_default\"><div class=\"vc_col-sm-6 wpb_column vc_column_container\"><div class=\"vc_column-inner\"><div class=\"wpb_wrapper\"><div class=\"w-video align_center ratio_16x9 has_iframe\"><div class=\"w-video-h\"><iframe title=\"Youtube video player\" src=\"\/\/www.youtube.com\/embed\/XC1zuU2aEiQ?autoplay=0&controls=1&origin=https:\/\/todoconstruccion.com\/tcventanas&loop=0&mute=0\" allowfullscreen=\"1\" loading=\"lazy\"><\/iframe><\/div><\/div><\/div><\/div><\/div><div class=\"vc_col-sm-6 wpb_column vc_column_container\"><div class=\"vc_column-inner\"><div class=\"wpb_wrapper\">[vc_custom_heading text=\u00bbTransporte a domicilio\u00bb use_theme_fonts=\u00bbyes\u00bb]<div class=\"wpb_text_column\"><div class=\"wpb_wrapper\"><p>Con todas tus compras te damos la posibilidad de disponer de nuestro servicio de transportes para que te las traslademos a donde nos designe. Mandaremos tu mercanc\u00eda totalmente embalada para evitar roturas y desperfectos, utilizando siempre los veh\u00edculos que m\u00e1s se adapten a usted y al producto.<\/p>\n<\/div><\/div><\/div><\/div><\/div><\/div><\/div><\/section><section class=\"l-section wpb_row us_custom_20724390 height_large color_primary\"><div class=\"l-section-h i-cf\"><div class=\"g-cols vc_row via_flex valign_top type_default stacking_default\"><div class=\"vc_col-sm-4 wpb_column vc_column_container\"><div class=\"vc_column-inner\"><div class=\"wpb_wrapper\"><span class=\"w-text us_custom_10b20b58\"><span class=\"w-text-h\"><span class=\"w-text-value\">Asesoramiento profesional en tienda<\/span><\/span><\/span>[vc_custom_heading text=\u00bbTransformamos tus espacios\u00bb use_theme_fonts=\u00bbyes\u00bb]<div class=\"wpb_text_column us_custom_b4198c51\"><div class=\"wpb_wrapper\"><p>Nuestro equipo te asesora de forma personalizada para que encuentres pavimentos, revestimientos, ba\u00f1os y soluciones que se ajusten a tu estilo, tu presupuesto y tus necesidades reales.<\/p>\n<\/div><\/div><div class=\"w-btn-wrapper align_none\"><a class=\"w-btn us-btn-style_2 icon_atright\" href=\"#contact\"><span class=\"w-btn-label\">Solicita una cita con nuestros profesionales<\/span><span class=\"fal fa-arrow-right\"><\/span><\/a><\/div><\/div><\/div><\/div><div class=\"vc_col-sm-8 wpb_column vc_column_container\"><div class=\"vc_column-inner\"><div class=\"wpb_wrapper\"><\/div><\/div><\/div><\/div><\/div><\/section><section class=\"l-section wpb_row us_custom_20675561 height_large width_custom color_alternate\" style=\"--site-content-width:1430px;\" id=\"contact\"><div class=\"l-section-h i-cf\"><div class=\"g-cols vc_row via_flex valign_top type_default stacking_default\"><div class=\"vc_col-sm-12 wpb_column vc_column_container\"><div class=\"vc_column-inner\"><div class=\"wpb_wrapper\"><span class=\"w-text us_custom_b6a7e56c\"><span class=\"w-text-h\"><span class=\"w-text-value\">Formulario de contacto<\/span><\/span><\/span>[vc_custom_heading text=\u00bbSolicita una cita\u00bb use_theme_fonts=\u00bbyes\u00bb css=\u00bb%7B%22default%22%3A%7B%22max-width%22%3A%2245%25%22%7D%2C%22laptops%22%3A%7B%22max-width%22%3A%2245%25%22%7D%2C%22tablets%22%3A%7B%22max-width%22%3A%22100%25%22%7D%2C%22mobiles%22%3A%7B%22max-width%22%3A%22100%25%22%7D%7D\u00bb]\n<div class=\"wpcf7 no-js\" id=\"wpcf7-f7-o1\" lang=\"es-ES\" dir=\"ltr\" data-wpcf7-id=\"7\">\n<div class=\"screen-reader-response\"><p role=\"status\" aria-live=\"polite\" aria-atomic=\"true\"><\/p> <ul><\/ul><\/div>\n<form action=\"\/tcventanas\/wp-json\/wp\/v2\/pages\/2299#wpcf7-f7-o1\" method=\"post\" class=\"wpcf7-form init wpcf7-acceptance-as-validation\" aria-label=\"Formulario de contacto\" novalidate=\"novalidate\" data-status=\"init\">\n<fieldset class=\"hidden-fields-container\"><input type=\"hidden\" name=\"_wpcf7\" value=\"7\" \/><input type=\"hidden\" name=\"_wpcf7_version\" value=\"6.1.5\" \/><input type=\"hidden\" name=\"_wpcf7_locale\" value=\"es_ES\" \/><input type=\"hidden\" name=\"_wpcf7_unit_tag\" value=\"wpcf7-f7-o1\" \/><input type=\"hidden\" name=\"_wpcf7_container_post\" value=\"0\" \/><input type=\"hidden\" name=\"_wpcf7_posted_data_hash\" value=\"\" \/><input type=\"hidden\" name=\"_wpcf7_recaptcha_response\" value=\"\" \/>\n<\/fieldset>\n<div class=\"form-radio\">\n<span class=\"wpcf7-form-control-wrap\" data-name=\"asunto\"><span class=\"wpcf7-form-control wpcf7-radio togglebuttons\"><span class=\"wpcf7-list-item first\"><label><input type=\"radio\" name=\"asunto\" value=\"Atenci\u00f3n al p\u00fablico\" checked=\"checked\" \/><span class=\"wpcf7-list-item-label\">Atenci\u00f3n al p\u00fablico<\/span><\/label><\/span><span class=\"wpcf7-list-item\"><label><input type=\"radio\" name=\"asunto\" value=\"Ventanas &amp; Co\" \/><span class=\"wpcf7-list-item-label\">Ventanas &amp; Co<\/span><\/label><\/span><span class=\"wpcf7-list-item\"><label><input type=\"radio\" name=\"asunto\" value=\"Cocinas\" \/><span class=\"wpcf7-list-item-label\">Cocinas<\/span><\/label><\/span><span class=\"wpcf7-list-item last\"><label><input type=\"radio\" name=\"asunto\" value=\"Proyectos integrales\" \/><span class=\"wpcf7-list-item-label\">Proyectos integrales<\/span><\/label><\/span><\/span><\/span>\n<\/div>\n<div class=\"row\">\n<div class=\"col-xs-4\"><div class=\"form-group\"><label for=\"nombre\"><span class=\"label\">Nombre<\/span><span class=\"wpcf7-form-control-wrap\" data-name=\"nombre\"><input size=\"40\" maxlength=\"400\" class=\"wpcf7-form-control wpcf7-text wpcf7-validates-as-required\" id=\"nombre\" aria-required=\"true\" aria-invalid=\"false\" placeholder=\"Nombre*\" value=\"\" type=\"text\" name=\"nombre\" \/><\/span><\/label><\/div><\/div>\n<div class=\"col-xs-4\"><div class=\"form-group\"><label for=\"email\"><span class=\"label\">Email<\/span><span class=\"wpcf7-form-control-wrap\" data-name=\"email\"><input size=\"40\" maxlength=\"400\" class=\"wpcf7-form-control wpcf7-email wpcf7-validates-as-required wpcf7-text wpcf7-validates-as-email\" id=\"email\" aria-required=\"true\" aria-invalid=\"false\" placeholder=\"Email*\" value=\"\" type=\"email\" name=\"email\" \/><\/span><\/label><\/div><\/div>\n<div class=\"col-xs-4\"><div class=\"form-group\"><label for=\"telefono\"><span class=\"label\">Tel\u00e9fono<\/span><span class=\"wpcf7-form-control-wrap\" data-name=\"telefono\"><input size=\"40\" maxlength=\"400\" class=\"wpcf7-form-control wpcf7-tel wpcf7-text wpcf7-validates-as-tel\" id=\"telefono\" aria-invalid=\"false\" placeholder=\"Tel\u00e9fono\" value=\"\" type=\"tel\" name=\"telefono\" \/><\/span><\/label><\/div><\/div>\n<\/div>\n<div class=\"row\">\n<div class=\"col-xs-12\"><div class=\"form-group\"><label for=\"mensaje\"><span class=\"label\">Mensaje<\/span><span class=\"wpcf7-form-control-wrap\" data-name=\"mensaje\"><textarea cols=\"40\" rows=\"10\" maxlength=\"2000\" class=\"wpcf7-form-control wpcf7-textarea\" id=\"mensaje\" aria-invalid=\"false\" placeholder=\"Escribe tu mensaje aqu\u00ed\" name=\"mensaje\"><\/textarea><\/span><\/label><\/div><\/div>\n<\/div>\n<div class=\"row\">\n<div class=\"col-xs-12\"><div class=\"form-group\"><span class=\"wpcf7-form-control-wrap\" data-name=\"legal\"><span class=\"wpcf7-form-control wpcf7-acceptance\"><span class=\"wpcf7-list-item\"><label><input type=\"checkbox\" name=\"legal\" value=\"1\" aria-invalid=\"false\" \/><span class=\"wpcf7-list-item-label\">He le\u00eddo y acepto la <a target=\"_blank\" rel=\"nofollow\" href=\"https:\/\/todoconstruccion.com\/tcventanas\/politica-de-privacidad\/\">pol\u00edtica de privacidad<\/a>.<\/span><\/label><\/span><\/span><\/span><\/div><\/div>\n<\/div>\n<div class=\"block-submit\"><input class=\"wpcf7-form-control wpcf7-submit has-spinner\" id=\"form-contact\" type=\"submit\" value=\"Enviar\" \/><\/div><div class=\"wpcf7-response-output\" aria-hidden=\"true\"><\/div>\n<\/form>\n<\/div>\n<\/div><\/div><\/div><\/div><\/div><\/section>\n\n","protected":false},"excerpt":{"rendered":"Soluciones para profesionales y particulares[vc_custom_heading text=\"Nuestros servicios\" font_container=\"tag:h1|text_align:left\" use_theme_fonts=\"yes\" css=\"%7B%22default%22%3A%7B%22padding-top%22%3A%220%22%7D%7D\"][vc_custom_heading text=\"Canales de pago f\u00e1cil a disposici\u00f3n de nuestros clientes\" use_theme_fonts=\"yes\"]Con nuestro servicio de Pago F\u00e1cil, nunca fue tan accesible y r\u00e1pido realizar tus compras a trav\u00e9s de una plataforma. Accede a tus pedidos y facturas a trav\u00e9s de cualquier dispositivo, en cualquier lugar. Transferencia bancaria,...","protected":false},"author":1,"featured_media":0,"parent":0,"menu_order":0,"comment_status":"closed","ping_status":"open","template":"","meta":{"_acf_changed":false,"footnotes":""},"class_list":["post-2299","page","type-page","status-publish","hentry"],"acf":[],"yoast_head":"<!-- This site is optimized with the Yoast SEO plugin v27.4 - https:\/\/yoast.com\/product\/yoast-seo-wordpress\/ -->\n<title>Servicios | Todo Construcci\u00f3n<\/title>\n<meta name=\"robots\" content=\"index, follow, max-snippet:-1, max-image-preview:large, max-video-preview:-1\" \/>\n<link rel=\"canonical\" href=\"https:\/\/todoconstruccion.com\/tcventanas\/servicios\/\" \/>\n<meta property=\"og:locale\" content=\"es_ES\" \/>\n<meta property=\"og:type\" content=\"article\" \/>\n<meta property=\"og:title\" content=\"Servicios | Todo Construcci\u00f3n\" \/>\n<meta property=\"og:url\" content=\"https:\/\/todoconstruccion.com\/tcventanas\/servicios\/\" \/>\n<meta property=\"og:site_name\" content=\"Todo Construcci\u00f3n\" \/>\n<meta property=\"article:publisher\" content=\"https:\/\/www.facebook.com\/todoconstrucciononline\/\" \/>\n<meta property=\"article:modified_time\" content=\"2026-01-27T14:48:33+00:00\" \/>\n<meta name=\"twitter:card\" content=\"summary_large_image\" \/>\n<meta name=\"twitter:site\" content=\"@allconstruccion\" \/>\n<meta name=\"twitter:label1\" content=\"Tiempo de lectura\" \/>\n\t<meta name=\"twitter:data1\" content=\"2 minutos\" \/>\n<script type=\"application\/ld+json\" class=\"yoast-schema-graph\">{\"@context\":\"https:\\\/\\\/schema.org\",\"@graph\":[{\"@type\":\"WebPage\",\"@id\":\"https:\\\/\\\/todoconstruccion.com\\\/tcventanas\\\/servicios\\\/\",\"url\":\"https:\\\/\\\/todoconstruccion.com\\\/tcventanas\\\/servicios\\\/\",\"name\":\"Servicios | Todo Construcci\u00f3n\",\"isPartOf\":{\"@id\":\"https:\\\/\\\/todoconstruccion.com\\\/tcventanas\\\/#website\"},\"datePublished\":\"2026-01-27T14:24:56+00:00\",\"dateModified\":\"2026-01-27T14:48:33+00:00\",\"breadcrumb\":{\"@id\":\"https:\\\/\\\/todoconstruccion.com\\\/tcventanas\\\/servicios\\\/#breadcrumb\"},\"inLanguage\":\"es\",\"potentialAction\":[{\"@type\":\"ReadAction\",\"target\":[\"https:\\\/\\\/todoconstruccion.com\\\/tcventanas\\\/servicios\\\/\"]}]},{\"@type\":\"BreadcrumbList\",\"@id\":\"https:\\\/\\\/todoconstruccion.com\\\/tcventanas\\\/servicios\\\/#breadcrumb\",\"itemListElement\":[{\"@type\":\"ListItem\",\"position\":1,\"name\":\"Portada\",\"item\":\"https:\\\/\\\/todoconstruccion.com\\\/tcventanas\\\/\"},{\"@type\":\"ListItem\",\"position\":2,\"name\":\"Servicios\"}]},{\"@type\":\"WebSite\",\"@id\":\"https:\\\/\\\/todoconstruccion.com\\\/tcventanas\\\/#website\",\"url\":\"https:\\\/\\\/todoconstruccion.com\\\/tcventanas\\\/\",\"name\":\"Todo Construcci\u00f3n\",\"description\":\"\",\"publisher\":{\"@id\":\"https:\\\/\\\/todoconstruccion.com\\\/tcventanas\\\/#organization\"},\"potentialAction\":[{\"@type\":\"SearchAction\",\"target\":{\"@type\":\"EntryPoint\",\"urlTemplate\":\"https:\\\/\\\/todoconstruccion.com\\\/tcventanas\\\/?s={search_term_string}\"},\"query-input\":{\"@type\":\"PropertyValueSpecification\",\"valueRequired\":true,\"valueName\":\"search_term_string\"}}],\"inLanguage\":\"es\"},{\"@type\":\"Organization\",\"@id\":\"https:\\\/\\\/todoconstruccion.com\\\/tcventanas\\\/#organization\",\"name\":\"Todo Construcci\u00f3n\",\"url\":\"https:\\\/\\\/todoconstruccion.com\\\/tcventanas\\\/\",\"logo\":{\"@type\":\"ImageObject\",\"inLanguage\":\"es\",\"@id\":\"https:\\\/\\\/todoconstruccion.com\\\/tcventanas\\\/#\\\/schema\\\/logo\\\/image\\\/\",\"url\":\"https:\\\/\\\/todoconstruccion.com\\\/tcventanas\\\/wp-content\\\/uploads\\\/2026\\\/01\\\/logo-todo-construccion.svg\",\"contentUrl\":\"https:\\\/\\\/todoconstruccion.com\\\/tcventanas\\\/wp-content\\\/uploads\\\/2026\\\/01\\\/logo-todo-construccion.svg\",\"width\":\"1024\",\"height\":\"1024\",\"caption\":\"Todo Construcci\u00f3n\"},\"image\":{\"@id\":\"https:\\\/\\\/todoconstruccion.com\\\/tcventanas\\\/#\\\/schema\\\/logo\\\/image\\\/\"},\"sameAs\":[\"https:\\\/\\\/www.facebook.com\\\/todoconstrucciononline\\\/\",\"https:\\\/\\\/x.com\\\/allconstruccion\"]}]}<\/script>\n<!-- \/ Yoast SEO plugin. -->","yoast_head_json":{"title":"Servicios | Todo Construcci\u00f3n","robots":{"index":"index","follow":"follow","max-snippet":"max-snippet:-1","max-image-preview":"max-image-preview:large","max-video-preview":"max-video-preview:-1"},"canonical":"https:\/\/todoconstruccion.com\/tcventanas\/servicios\/","og_locale":"es_ES","og_type":"article","og_title":"Servicios | Todo Construcci\u00f3n","og_url":"https:\/\/todoconstruccion.com\/tcventanas\/servicios\/","og_site_name":"Todo Construcci\u00f3n","article_publisher":"https:\/\/www.facebook.com\/todoconstrucciononline\/","article_modified_time":"2026-01-27T14:48:33+00:00","twitter_card":"summary_large_image","twitter_site":"@allconstruccion","twitter_misc":{"Tiempo de lectura":"2 minutos"},"schema":{"@context":"https:\/\/schema.org","@graph":[{"@type":"WebPage","@id":"https:\/\/todoconstruccion.com\/tcventanas\/servicios\/","url":"https:\/\/todoconstruccion.com\/tcventanas\/servicios\/","name":"Servicios | Todo Construcci\u00f3n","isPartOf":{"@id":"https:\/\/todoconstruccion.com\/tcventanas\/#website"},"datePublished":"2026-01-27T14:24:56+00:00","dateModified":"2026-01-27T14:48:33+00:00","breadcrumb":{"@id":"https:\/\/todoconstruccion.com\/tcventanas\/servicios\/#breadcrumb"},"inLanguage":"es","potentialAction":[{"@type":"ReadAction","target":["https:\/\/todoconstruccion.com\/tcventanas\/servicios\/"]}]},{"@type":"BreadcrumbList","@id":"https:\/\/todoconstruccion.com\/tcventanas\/servicios\/#breadcrumb","itemListElement":[{"@type":"ListItem","position":1,"name":"Portada","item":"https:\/\/todoconstruccion.com\/tcventanas\/"},{"@type":"ListItem","position":2,"name":"Servicios"}]},{"@type":"WebSite","@id":"https:\/\/todoconstruccion.com\/tcventanas\/#website","url":"https:\/\/todoconstruccion.com\/tcventanas\/","name":"Todo Construcci\u00f3n","description":"","publisher":{"@id":"https:\/\/todoconstruccion.com\/tcventanas\/#organization"},"potentialAction":[{"@type":"SearchAction","target":{"@type":"EntryPoint","urlTemplate":"https:\/\/todoconstruccion.com\/tcventanas\/?s={search_term_string}"},"query-input":{"@type":"PropertyValueSpecification","valueRequired":true,"valueName":"search_term_string"}}],"inLanguage":"es"},{"@type":"Organization","@id":"https:\/\/todoconstruccion.com\/tcventanas\/#organization","name":"Todo Construcci\u00f3n","url":"https:\/\/todoconstruccion.com\/tcventanas\/","logo":{"@type":"ImageObject","inLanguage":"es","@id":"https:\/\/todoconstruccion.com\/tcventanas\/#\/schema\/logo\/image\/","url":"https:\/\/todoconstruccion.com\/tcventanas\/wp-content\/uploads\/2026\/01\/logo-todo-construccion.svg","contentUrl":"https:\/\/todoconstruccion.com\/tcventanas\/wp-content\/uploads\/2026\/01\/logo-todo-construccion.svg","width":"1024","height":"1024","caption":"Todo Construcci\u00f3n"},"image":{"@id":"https:\/\/todoconstruccion.com\/tcventanas\/#\/schema\/logo\/image\/"},"sameAs":["https:\/\/www.facebook.com\/todoconstrucciononline\/","https:\/\/x.com\/allconstruccion"]}]}},"_links":{"self":[{"href":"https:\/\/todoconstruccion.com\/tcventanas\/wp-json\/wp\/v2\/pages\/2299","targetHints":{"allow":["GET"]}}],"collection":[{"href":"https:\/\/todoconstruccion.com\/tcventanas\/wp-json\/wp\/v2\/pages"}],"about":[{"href":"https:\/\/todoconstruccion.com\/tcventanas\/wp-json\/wp\/v2\/types\/page"}],"author":[{"embeddable":true,"href":"https:\/\/todoconstruccion.com\/tcventanas\/wp-json\/wp\/v2\/users\/1"}],"replies":[{"embeddable":true,"href":"https:\/\/todoconstruccion.com\/tcventanas\/wp-json\/wp\/v2\/comments?post=2299"}],"version-history":[{"count":7,"href":"https:\/\/todoconstruccion.com\/tcventanas\/wp-json\/wp\/v2\/pages\/2299\/revisions"}],"predecessor-version":[{"id":2310,"href":"https:\/\/todoconstruccion.com\/tcventanas\/wp-json\/wp\/v2\/pages\/2299\/revisions\/2310"}],"wp:attachment":[{"href":"https:\/\/todoconstruccion.com\/tcventanas\/wp-json\/wp\/v2\/media?parent=2299"}],"curies":[{"name":"wp","href":"https:\/\/api.w.org\/{rel}","templated":true}]}}